Valitse Vuoden Tai Kuukauden Raportti
Raportti 2016 Kesä
Monthly Climatological Summary for kesä 2016
Name: Sää City: Perniö State:
Elevation: 0 m Lat: S 00 00 00 Lon: W 000 00 00
Temperature (°C), Rain (mm), Wind Speed (m/s)
Heat Cool Avg
Mean Deg Deg Wind Dom
Day Temp High Time Low Time Days Days Rain Speed High Time Dir
----------------------------------------------------------------------------------
01 21,8 29,9 15:41 12,9 05:11 1,2 4,7 0,0 0,9 3,7 13:41 E
02 23,4 30,7 13:11 14,6 23:42 0,3 4,8 2,4 0,4 3,1 10:41 S
03 21,7 29,6 15:12 10,8 05:12 1,7 4,0 0,0 0,6 5,8 12:12 SW
04 15,5 21,7 13:04 6,5 05:12 3,4 0,5 0,0 0,4 4,8 12:22 ENE
05 11,1 17,3 17:43 4,7 04:11 7,2 0,0 0,0 0,5 3,7 13:43 ENE
06 11,6 19,0 16:13 1,4 04:13 6,7 0,0 0,0 0,4 3,4 11:13 E
07 13,5 21,2 17:43 1,4 05:13 5,3 0,5 0,0 1,0 5,4 11:13 SW
08 12,5 16,9 16:44 7,6 23:44 5,8 0,0 6,0 0,6 7,5 15:44 W
09 10,9 14,9 12:14 5,4 23:44 7,4 0,0 0,0 0,9 5,4 11:14 W
10 10,2 15,9 18:44 5,4 00:14 8,1 0,0 0,0 0,4 3,1 14:14 ESE
11 11,9 18,7 16:44 2,2 05:14 6,4 0,0 0,0 0,6 4,1 08:44 NE
12 14,2 22,0 18:44 5,2 04:44 4,7 0,6 0,0 0,5 4,4 11:14 E
13 14,6 23,8 14:45 3,3 04:45 4,9 1,2 0,0 0,6 4,4 14:45 ESE
14 15,7 24,5 13:45 3,6 04:15 4,5 1,9 0,0 0,6 6,5 16:24 SSW
15 17,2 24,3 16:15 3,6 04:45 3,6 2,5 0,0 1,4 6,5 15:45 ENE
16 15,9 18,7 00:15 13,7 06:15 2,4 0,0 16,5 1,6 5,8 09:15 E
17 15,9 22,2 18:45 13,3 04:45 3,0 0,4 6,0 1,2 4,1 13:15 SSE
18 15,8 18,3 16:46 13,1 23:46 2,5 0,0 19,2 1,4 5,8 06:16 SE
19 14,9 20,3 16:16 12,1 05:46 3,6 0,1 4,5 1,3 6,8 10:19 SSW
20 16,0 21,2 15:15 9,5 23:45 3,0 0,6 0,0 1,3 5,8 16:45 SSW
21 15,4 22,0 14:15 7,6 04:45 3,7 0,8 0,0 0,5 3,7 14:15 S
22 17,4 23,9 15:46 13,1 00:16 2,2 1,3 0,0 1,0 4,1 16:46 SSW
23 16,2 19,9 12:47 11,0 02:47 2,3 0,2 1,2 0,7 4,1 18:17 SSW
24 16,8 21,7 10:47 13,2 01:17 1,8 0,3 0,6 0,7 3,4 15:47 SE
25 19,8 27,9 16:17 15,1 04:17 1,2 2,7 0,3 0,5 4,8 14:47 SSW
26 20,7 26,8 10:47 12,3 04:17 1,2 3,6 0,0 0,7 3,1 15:17 E
27 17,7 20,3 00:17 12,9 23:48 0,9 0,3 0,9 1,0 4,8 03:17 E
28 18,8 26,2 16:41 9,9 04:42 2,2 2,7 0,3 0,5 6,1 15:40 SSW
29 19,5 26,3 16:02 12,6 03:28 1,5 2,7 0,0 0,6 5,1 12:44 SSW
30 18,1 23,0 15:56 14,2 23:38 1,1 0,9 6,0 1,0 8,2 16:20 SSE
----------------------------------------------------------------------------------
16,2 30,7 2 1,4 6 103,8 37,3 63,9 0,8 8,2 30 SSE
Max >= 27,0 4
Max <= 0,0 0
Min <= 0,0 0
Min <= -18,0 0
Max Rain: 19,2 on day 18
Days of Rain: 12 (>= 0,2 mm) 7 (>= 2,0 mm) 0 (>= 20,0 mm)
Heat Base: 18,3 Cool Base: 18,3 Method: Integration