Valitse Vuoden Tai Kuukauden Raportti
Raportti 2016 Jou
Monthly Climatological Summary for joulu 2016
Name: Sää City: Perniö State:
Elevation: 0 m Lat: S 00 00 00 Lon: W 000 00 00
Temperature (°C), Rain (mm), Wind Speed (m/s)
Heat Cool Avg
Mean Deg Deg Wind Dom
Day Temp High Time Low Time Days Days Rain Speed High Time Dir
----------------------------------------------------------------------------------
01 -0,6 4,0 13.19 -2,4 09.19 18,9 0,0 0,0 ---- 2,0 05.19 Etela
02 -1,0 -0,3 03.49 -2,4 21.19 19,6 0,0 0,0 ---- 1,7 14.49 Etela
03 -5,3 -1,6 00.49 -9,8 22.49 23,6 0,0 0,3 ---- 3,7 00.19Pohjois-luode
04 -5,8 3,1 20.19 -15,1 09.19 24,1 0,0 0,6 ---- 4,8 21.49Etela-lounas
05 3,4 7,1 08.20 -0,4 23.51 15,4 0,0 0,3 ---- 6,1 07.50 Lansi
06 -7,2 -0,4 00.21 -13,9 22.51 25,5 0,0 0,0 ---- 4,4 00.21Ita-koillinen
07 -0,6 2,9 17.50 -12,9 00.21 19,4 0,0 1,2 ---- 4,8 18.50Etela-lounas
08 2,2 2,8 03.50 1,4 17.51 16,6 0,0 5,7 ---- 2,4 00.20 Etela
09 -2,3 0,0 16.49 -5,5 05.49 5,3 2,4 0,0 ---- 4,4 18.19Etela-lounas
10 -7,2 -5,4 13.19 -13,0 23.19 20,3 0,2 0,0 ---- 3,7 10.49 Lansi
11 -9,8 -7,2 18.58 -12,8 15.58 10,9 0,0 0,0 0,0 1,0 18.18Koillinen
12 -7,5 -1,5 19.28 -14,4 07.28 26,4 0,0 0,0 0,0 1,7 15.28Etela-lounas
13 -4,7 -0,2 23.58 -10,4 08.58 23,0 0,0 0,0 0,0 1,0 18.58 Etela
14 -1,0 -0,2 00.28 -2,5 23.30 19,1 0,0 0,0 0,1 1,4 22.51Pohjois-luode
15 -1,2 3,4 12.55 -3,5 21.51 19,3 0,0 0,3 0,2 5,8 14.34Etela-lounas
16 -1,1 3,9 12.43 -3,5 02.59 19,4 0,0 0,0 0,0 2,4 14.55Lansi-lounas
17 -0,2 0,8 13.28 -2,1 00.00 18,5 0,0 0,0 0,4 5,4 17.15Etela-lounas
18 1,0 1,7 19.59 0,1 01.06 17,3 0,0 0,6 0,2 3,1 09.23Lansi-lounas
19 2,0 3,0 15.38 0,7 01.19 16,3 0,0 0,3 0,0 1,7 03.59Lounas
20 2,8 4,3 13.28 0,6 03.06 15,8 0,0 0,9 0,6 4,4 07.58Etela-lounas
21 3,4 4,6 18.28 2,5 06.58 14,9 0,0 0,0 2,0 9,5 17.28 Etela
22 4,3 5,3 12.21 2,1 23.59 14,9 0,0 0,0 1,8 7,8 09.13Etela-lounas
23 2,8 4,7 06.58 -2,5 23.58 15,3 0,0 0,0 0,9 6,8 14.58Lounas
24 4,2 4,2 14.03 -2,6 00.28 14,2 0,1 7,5 0,0 11,9 09.28Etela-lounas
25 2,5 4,0 00.33 -0,5 22.47 16,6 0,0 0,0 0,5 4,8 01.33 Etela
26 4,0 7,0 12.56 -0,2 20.23 14,3 0,0 1,8 1,2 7,5 05.12Etela-lounas
27 0,7 2,9 13.03 -0,6 09.51 17,6 0,0 0,6 0,5 6,8 15.53Lansi-lounas
28 -1,7 3,3 12.30 -7,0 21.07 20,0 0,0 0,0 0,4 6,1 02.07 Etela
29 1,5 3,7 13.38 -5,6 00.58 16,8 0,0 0,3 0,8 7,5 08.36Etela-lounas
30 3,7 5,7 19.37 1,5 00.50 14,6 0,0 0,0 0,9 9,2 19.22Etela-lounas
31 5,7 7,0 14.34 2,7 23.59 12,6 0,0 0,0 0,7 6,1 08.15Lounas
----------------------------------------------------------------------------------
-0,4 7,1 5 -15,1 4 546,5 2,7 20,4 0,6 11,9 24Etela-lounas
Max >= 27,0 0
Max <= 0,0 9
Min <= 0,0 23
Min <= -18,0 0
Max Rain: 7,5 on day 24
Days of Rain: 13 (>= 0,2 mm) 2 (>= 2,0 mm) 0 (>= 20,0 mm)
Heat Base: 18,3 Cool Base: 18,3 Method: Integration