Valitse Vuoden Tai Kuukauden Raportti
Raportti 2017 Kesä
Monthly Climatological Summary for kesä 2017
Name: Sää City: Perniö State: Salo
Elevation: 0 ft Lat: S 00° 00' 00" Lon: W 000° 00' 00"
Temperature (°C), Rain (mm), Wind Speed (m/s)
Heat Cool Avg
Mean Deg Deg Wind Dom
Day Temp High Time Low Time Days Days Rain Speed High Time Dir
----------------------------------------------------------------------------------
1 8,6 15,0 16.11 0,9 03.11 9,7 0,0 0,6 0,8 11,2 14.11 Ita
2 7,4 11,4 18.41 0,5 04.11 11,0 0,0 0,0 0,8 6,8 15.11 Ita
3 11,2 20,3 16.11 -0,3 05.11 7,3 0,2 0,0 0,6 5,8 14.41Lounas
4 12,1 18,8 16.41 3,7 03.41 6,2 0,0 0,0 0,9 5,1 14.11Etela-kaakko
5 10,7 12,6 14.11 8,2 07.41 7,6 0,0 9,9 0,7 4,8 18.12Etela-kaakko
6 15,5 22,4 17.42 5,2 04.42 4,2 1,1 0,0 0,8 5,4 13.12Etela-lounas
7 17,0 23,9 15.12 5,5 04.12 3,4 2,0 0,0 2,2 9,5 13.12 Ita
8 13,5 16,7 18.12 8,0 23.42 4,8 0,0 10,2 0,2 1,7 15.42Kaakko
9 13,8 21,0 18.42 5,8 03.12 4,9 0,4 0,0 0,4 3,4 17.12Kaakko
10 16,5 25,6 16.12 4,7 04.12 3,7 1,9 0,0 0,5 3,7 15.12 Etela
11 16,9 23,2 16.43 9,4 04.13 2,7 1,3 0,0 0,6 3,7 16.13Lounas
12 13,4 15,2 18.43 10,6 23.43 4,9 0,0 15,3 0,6 3,1 11.13Etela-kaakko
13 12,3 16,0 11.13 9,0 02.43 6,0 0,0 3,0 0,4 4,4 15.13Ita-koillinen
14 15,6 23,7 17.13 5,2 04.43 4,1 1,4 0,0 0,4 4,1 14.13Ita-koillinen
15 17,3 26,9 14.13 0,0 00.13 3,6 2,6 0,0 0,2 2,7 13.43Ita-kaakko
16 18,1 25,7 15.14 7,7 04.44 2,8 2,5 0,0 0,4 3,1 10.14Etela-lounas
17 19,5 28,8 13.44 7,7 04.14 2,8 3,9 0,0 0,4 6,1 15.44 Etela
18 17,2 22,5 15.14 9,8 04.14 2,2 1,1 0,0 0,6 4,8 13.14 Etela
19 17,9 24,9 14.14 11,9 23.44 2,1 1,7 0,0 0,3 4,1 19.01 Etela
20 13,1 18,7 12.14 9,9 01.14 5,2 0,0 13,2 0,9 6,1 12.14Etela-kaakko
21 13,1 18,8 15.45 8,7 02.15 5,2 0,0 0,9 0,5 4,8 09.45 Lansi
22 14,1 20,9 17.45 6,4 04.15 4,5 0,3 0,0 0,6 5,4 17.45 Lansi
23 12,3 19,2 18.15 3,5 04.15 6,1 0,0 0,0 0,3 2,4 13.45Koillinen
24 11,4 16,8 10.45 5,8 03.15 6,9 0,0 2,4 0,9 4,4 08.45Kaakko
25 15,0 19,0 10.15 10,9 05.15 3,3 0,1 0,3 1,3 7,5 20.15Etela-lounas
26 13,8 18,2 17.16 8,2 04.16 4,5 0,0 0,6 1,2 5,8 15.46Etela-lounas
27 13,5 16,0 14.16 10,6 23.46 4,8 0,0 0,0 0,7 5,4 21.16Lansi-lounas
28 15,7 22,1 17.16 7,9 04.46 3,6 1,0 0,0 0,6 6,1 17.46Etela-lounas
29 15,7 23,6 17.16 3,1 04.46 4,3 1,7 0,0 1,0 6,5 17.46Ita-koillinen
30 18,4 22,3 16.46 14,2 00.46 1,1 1,2 0,0 2,5 12,2 13.44Koillinen
----------------------------------------------------------------------------------
14,4 28,8 17 -0,3 3 143,5 24,4 56,4 0,7 12,2 30 Kaakko
Max >= 27,0: 1
Max <= 0,0: 0
Min <= 0,0: 2
Min <= -18,0: 0
Max Rain: 15,3 on day 12
Days of Rain: 10 (>= 0,2 mm) 6 (>= 2,0 mm) 0 (>= 20,0 mm)
Heat Base: 18,3 Cool Base: 18,3 Method: Integration