Valitse Vuoden Tai Kuukauden Raportti
Raportti 2017 Loka
Monthly Climatological Summary for loka 2017
Name: Sää City: Perniö State:
Elevation: 0 m Lat: S 00 00 00 Lon: W 000 00 00
Temperature (°C), Rain (mm), Wind Speed (m/s)
Heat Cool Avg
Mean Deg Deg Wind Dom
Day Temp High Time Low Time Days Days Rain Speed High Time Dir
----------------------------------------------------------------------------------
01 9,6 10,9 13.04 8,4 06.55 8,7 0,0 0,0 0,4 3,7 11.51 Ita
02 9,8 10,1 06.44 9,4 00.00 8,5 0,0 0,0 1,9 10,2 17.29Ita-kaakko
03 9,6 11,6 22.58 8,0 03.41 8,7 0,0 28,8 2,2 8,2 00.09Ita-kaakko
04 11,2 16,1 13.16 4,4 23.58 7,1 0,0 7,2 0,8 9,2 14.26Etela-lounas
05 8,9 14,3 15.53 4,0 00.13 9,4 0,0 3,9 0,1 2,4 06.02Ita-koillinen
06 8,6 13,1 12.50 6,0 22.12 9,5 0,0 0,3 0,1 2,7 13.20Ita-koillinen
07 7,6 11,4 12.27 4,5 07.33 10,7 0,0 7,2 0,1 3,7 14.02 Etela
08 9,0 10,4 14.02 7,2 00.00 9,3 0,0 13,8 1,1 5,4 13.29Ita-koillinen
09 8,3 10,0 12.01 7,2 23.00 10,0 0,0 7,5 0,3 5,8 16.16Koillinen
10 8,0 9,6 14.25 7,3 00.00 10,3 0,0 6,3 0,3 5,1 15.43Ita-koillinen
11 6,6 9,5 14.40 0,3 23.50 11,8 0,0 0,9 0,1 2,7 12.57Etela-kaakko
12 5,2 10,7 13.39 -0,5 01.20 12,9 0,0 9,6 1,0 8,2 19.26Ita-koillinen
13 8,2 12,2 13.01 4,9 23.59 10,1 0,0 1,2 0,5 6,5 07.31Koillinen
14 7,1 10,3 19.16 4,4 03.58 11,2 0,0 6,3 0,4 4,8 15.45Etela-kaakko
15 9,7 17,9 14.25 6,5 06.09 8,6 0,0 0,3 0,2 4,1 01.06Lansi-lounas
16 11,7 18,2 15.32 6,3 22.47 6,6 0,0 3,0 0,8 8,8 09.28Etela-lounas
17 7,8 12,3 19.56 2,9 04.08 10,5 0,0 0,6 0,4 7,5 23.11 Etela
18 9,0 12,9 15.04 4,6 22.38 9,3 0,0 3,0 0,5 6,8 14.00Lansi-lounas
19 4,5 14,3 14.01 -2,0 23.29 13,8 0,0 0,3 0,1 3,7 14.58 Lansi
20 0,9 12,4 15.43 -3,9 06.16 17,4 0,0 0,0 0,0 2,4 13.15Ita-koillinen
21 -0,1 11,2 12.52 -6,1 08.20 18,5 0,0 0,0 0,0 1,7 13.52Ita-koillinen
22 1,5 9,5 15.32 -2,4 00.16 16,8 0,0 0,0 0,1 3,1 14.00Ita-koillinen
23 0,9 6,3 15.08 -3,3 22.37 17,4 0,0 0,0 0,6 4,8 11.46Koillinen
24 0,6 7,1 13.10 -4,2 02.48 17,7 0,0 0,0 0,4 6,5 23.39 Ita
25 1,8 4,8 12.38 -1,3 21.55 16,5 0,0 0,0 2,6 11,6 12.01Ita-kaakko
26 0,9 3,4 12.48 -0,4 23.41 16,8 0,0 4,5 0,1 4,4 00.21 Ita
27 0,2 4,7 12.11 -1,0 03.32 18,1 0,0 0,3 0,0 2,7 08.22Ita-koillinen
28 4,2 6,3 14.31 -0,3 00.00 14,1 0,0 11,4 0,5 4,8 15.24Kaakko
29 2,7 4,4 00.00 1,5 22.22 16,3 0,0 3,6 0,3 5,8 21.36Ita-koillinen
30 1,4 2,9 12.54 -0,4 23.48 16,9 0,0 0,3 0,9 8,2 10.19 Ita
31 -0,3 7,0 13.51 -5,1 22.47 18,6 0,0 0,0 0,2 3,7 12.40Etela-kaakko
----------------------------------------------------------------------------------
5,6 18,2 16 -6,1 21 392,1 0,0 120,3 0,6 11,6 25Ita-kaakko
Max >= 27,0 0
Max <= 0,0 0
Min <= 0,0 13
Min <= -18,0 0
Max Rain: 28,8 on day 3
Days of Rain: 22 (>= 0,2 mm) 14 (>= 2,0 mm) 1 (>= 20,0 mm)
Heat Base: 18,3 Cool Base: 18,3 Method: Integration