Valitse Vuoden Tai Kuukauden Raportti
Raportti 2017 Mar
Monthly Climatological Summary for marras 2017
Name: Sää City: Perniö State: Salo
Elevation: 0 ft Lat: S 00° 00' 00" Lon: W 000° 00' 00"
Temperature (°C), Rain (mm), Wind Speed (m/s)
Heat Cool Avg
Mean Deg Deg Wind Dom
Day Temp High Time Low Time Days Days Rain Speed High Time Dir
----------------------------------------------------------------------------------
1 0,6 2,4 14.24 -4,3 00.24 17,7 0,0 0,9 1,0 4,1 14.24Ita-koillinen
2 0,8 5,4 13.24 -1,4 18.54 17,5 0,0 0,0 0,8 3,4 12.24Ita-koillinen
3 3,0 9,5 13.24 -1,0 07.24 15,5 0,0 0,0 0,2 3,4 23.23Etela-kaakko
4 7,8 9,3 10.23 6,0 20.23 10,5 0,0 1,2 0,9 5,4 10.23Etela-lounas
5 8,5 9,6 10.24 7,6 18.54 9,8 0,0 0,9 1,1 5,1 13.54 Etela
6 7,1 9,2 12.54 1,5 23.24 11,2 0,0 4,2 0,8 5,1 01.54 Etela
7 2,8 10,8 12.54 -0,5 05.54 15,6 0,0 0,3 0,1 3,1 11.54Etela-lounas
8 5,2 7,6 12.54 0,8 00.24 13,6 0,0 0,0 0,5 5,4 14.24 Etela
9 6,4 7,1 04.24 4,8 00.24 11,9 0,0 5,7 1,6 6,5 11.54 Etela
10 5,6 9,1 14.24 1,6 20.54 12,8 0,0 3,0 0,5 5,1 11.24Etela-lounas
11 4,7 5,8 12.24 3,0 00.24 13,6 0,0 12,9 1,2 6,1 11.54Ita-koillinen
12 2,5 3,4 00.26 1,7 05.26 15,8 0,0 2,4 0,1 2,7 00.26Ita-kaakko
13 1,8 5,2 11.56 -1,3 22.56 16,6 0,0 1,2 0,1 1,7 01.26Lansi-lounas
14 0,4 4,8 12.26 -1,8 00.26 17,9 0,0 0,0 0,0 1,7 15.26Etela-lounas
15 2,6 7,6 14.26 -0,3 00.26 15,9 0,0 2,4 0,2 3,1 18.56Lounas
16 2,6 7,6 14.26 -1,3 20.26 15,9 0,0 0,0 0,2 3,1 14.26Lounas
17 5,2 7,9 13.54 1,5 00.26 13,1 0,0 8,1 1,2 7,8 05.56Etela-lounas
18 4,8 5,6 19.55 3,4 02.25 13,6 0,0 9,0 0,7 6,5 21.44 Etela
19 2,2 4,1 00.26 1,3 12.26 16,1 0,0 4,2 0,0 1,7 09.56 Luode
20 1,1 2,0 13.57 -1,0 20.57 17,2 0,0 1,2 0,1 2,4 04.56Pohjois-koillinen
21 0,2 0,9 12.27 -0,5 00.27 18,0 0,0 0,0 0,0 1,0 13.27Koillinen
22 0,6 1,8 12.57 0,1 04.27 17,7 0,0 0,3 1,3 5,1 23.57Ita-koillinen
23 1,7 4,6 23.57 0,3 08.57 16,6 0,0 1,5 2,8 8,8 06.27Ita-kaakko
24 6,6 9,0 11.57 4,5 23.57 11,7 0,0 4,5 1,4 8,8 03.27Etela-kaakko
25 2,7 8,6 13.27 -0,5 19.56 15,7 0,0 3,0 0,0 1,7 13.48Etela-kaakko
26 1,7 6,2 13.56 -0,7 20.26 16,6 0,0 4,2 0,2 2,0 02.56Ita-koillinen
27 4,2 5,3 12.26 1,2 00.26 14,1 0,0 4,2 1,5 6,8 11.26Etela-kaakko
28 2,9 4,3 05.26 0,8 16.26 15,4 0,0 8,4 1,2 4,1 09.26Ita-kaakko
29 3,0 4,4 18.57 1,3 05.27 15,3 0,0 3,3 1,0 4,4 20.27Ita-kaakko
30 3,3 4,2 00.57 2,0 22.57 15,0 0,0 0,6 0,8 4,1 00.57 Ita
----------------------------------------------------------------------------------
3,4 10,8 7 -4,3 1 447,9 0,0 87,6 0,7 8,8 23 Kaakko
Max >= 27,0: 0
Max <= 0,0: 0
Min <= 0,0: 12
Min <= -18,0: 0
Max Rain: 12,9 on day 11
Days of Rain: 24 (>= 0,2 mm) 15 (>= 2,0 mm) 0 (>= 20,0 mm)
Heat Base: 18,3 Cool Base: 18,3 Method: Integration