Valitse Vuoden Tai Kuukauden Raportti
Raportti 2019 Hel
Monthly Climatological Summary for helmi 2019
Name: Sää City: Perniö State:
Elevation: 0 m Lat: S 00 00 00 Lon: W 000 00 00
Temperature (°C), Rain (mm), Wind Speed (m/s)
Heat Cool Avg
Mean Deg Deg Wind Dom
Day Temp High Time Low Time Days Days Rain Speed High Time Dir
----------------------------------------------------------------------------------
01 -3,2 -2,3 15.23 -4,0 08.39 21,5 0,0 0,0 3,1 10,5 16.56Ita-koillinen
02 -2,3 -0,9 14.38 -4,1 00.07 20,8 0,0 0,0 3,7 10,9 21.45Pohjoinen
03 -0,4 1,9 15.05 -2,3 02.28 18,6 0,0 5,1 3,4 11,9 05.02Pohjois-koillinen
04 -3,9 -1,1 00.00 -6,2 20.06 22,2 0,0 0,0 0,6 5,8 00.14Lounas
05 0,4 1,7 08.21 -2,9 00.04 17,9 0,0 5,7 1,1 7,5 09.25 Etela
06 -5,2 0,3 00.00 -9,7 20.54 23,2 0,0 0,0 0,0 0,0 00.00Pohjoinen
07 0,2 1,8 12.04 -4,4 00.00 17,8 0,0 3,6 0,5 4,4 21.00 Etela
08 1,8 3,2 14.39 0,7 08.34 14,2 0,0 5,7 1,9 8,8 15.27 Etela
09 2,0 3,1 08.03 0,9 23.30 16,3 0,0 7,8 2,0 8,8 07.47 Etela
10 2,9 4,0 14.35 0,7 00.46 15,4 0,0 7,2 2,0 10,2 18.46 Etela
11 1,5 3,0 00.24 0,5 23.58 16,8 0,0 3,3 0,6 5,8 00.54 Ita
12 -1,1 4,3 15.10 -5,6 23.05 19,4 0,0 0,3 0,6 5,8 18.02Etela-lounas
13 -1,0 3,1 23.56 -7,9 02.26 19,3 0,0 0,9 0,2 4,4 23.36 Etela
14 2,3 6,9 14.24 -3,1 08.26 16,0 0,0 0,0 0,8 8,2 01.14Etela-lounas
15 3,4 6,8 11.29 -0,5 23.46 14,9 0,0 0,0 0,3 4,1 15.30Etela-lounas
16 3,3 9,5 12.43 -0,8 00.04 15,0 0,0 0,3 0,8 7,1 11.20Etela-lounas
17 1,1 8,4 13.53 -7,4 23.07 17,2 0,0 0,0 0,5 6,5 04.31Lansi-lounas
18 -0,2 5,6 12.17 -8,6 02.58 18,5 0,0 0,0 1,4 10,9 17.06 Etela
19 2,6 3,1 10.54 2,1 04.51 15,7 0,0 4,5 1,2 6,1 00.23 Etela
20 -1,1 2,8 00.00 -5,6 23.54 19,4 0,0 0,6 1,1 10,9 17.17Lansi-lounas
21 -6,4 1,5 14.04 -13,8 23.59 24,7 0,0 0,0 0,2 4,8 01.08 Etela
22 -8,9 1,8 13.56 -18,1 07.28 27,0 0,0 0,0 0,3 6,1 23.33 Etela
23 1,9 9,3 14.21 -1,2 00.00 16,4 0,0 0,9 0,8 7,1 00.59Etela-lounas
24 2,4 8,5 15.21 -0,6 04.31 15,9 0,0 0,0 0,5 5,1 14.33Etela-lounas
25 5,7 10,6 12.57 2,4 23.57 12,6 0,0 0,3 1,1 10,2 04.14Lansi-lounas
26 3,4 6,2 11.09 -0,5 23.21 14,9 0,0 0,6 0,3 5,4 11.50Etela-kaakko
27 3,3 7,2 14.40 -0,3 00.00 15,0 0,0 0,0 0,4 5,1 06.26 Etela
28 2,7 8,1 10.10 -3,1 23.55 15,6 0,0 0,0 0,9 8,2 20.08Etela-kaakko
----------------------------------------------------------------------------------
0,3 10,6 25 -18,1 22 502,2 0,0 46,8 1,1 11,9 3Etela-kaakko
Max >= 27,0 0
Max <= 0,0 3
Min <= 0,0 22
Min <= -18,0 1
Max Rain: 7,8 on day 9
Days of Rain: 15 (>= 0,2 mm) 8 (>= 2,0 mm) 0 (>= 20,0 mm)
Heat Base: 18,3 Cool Base: 18,3 Method: Integration