Valitse Vuoden Tai Kuukauden Raportti
Raportti 2020 Tam
Monthly Climatological Summary for tammi 2020
Name: Sää City: Perniö State:
Elevation: 0 m Lat: S 00 00 00 Lon: W 000 00 00
Temperature (°C), Rain (mm), Wind Speed (m/s)
Heat Cool Avg
Mean Deg Deg Wind Dom
Day Temp High Time Low Time Days Days Rain Speed High Time Dir
----------------------------------------------------------------------------------
01 0,8 5,3 13.31 -1,7 01.51 17,5 0,0 0,0 0,1 4,4 13.25 Etela
02 3,8 5,5 12.56 0,6 00.00 14,6 0,0 0,0 0,7 8,5 22.26 Etela
03 5,0 6,1 16.39 1,7 23.54 13,3 0,0 3,6 2,2 12,9 10.04Etela-lounas
04 2,5 4,2 11.53 0,2 23.50 15,8 0,0 0,0 1,0 7,1 03.03Etela-lounas
05 -1,5 2,1 13.13 -5,9 17.36 19,8 0,0 0,0 0,5 6,1 04.02 Etela
06 2,0 4,3 22.41 0,7 00.00 16,3 0,0 3,6 0,5 5,8 00.07 Etela
07 5,2 5,9 12.16 4,3 00.00 13,1 0,0 1,2 1,5 9,9 21.59 Etela
08 5,9 7,7 17.31 2,6 23.58 12,4 0,0 5,7 2,5 13,9 09.48 Etela
09 1,8 6,7 12.57 -2,6 22.12 16,5 0,0 0,3 0,3 5,8 02.43 Etela
10 -3,7 3,5 13.54 -8,5 23.38 22,0 0,0 0,0 0,0 1,0 00.00 Luode
11 -1,9 4,6 19.16 -9,1 01.44 20,2 0,0 11,7 1,0 10,9 22.11 Etela
12 5,2 6,3 14.06 1,7 23.14 13,1 0,0 15,9 1,5 12,2 05.42Etela-lounas
13 0,9 3,4 12.21 -3,2 07.50 17,4 0,0 0,3 0,3 5,4 23.12 Etela
14 3,7 5,5 23.26 1,2 05.43 14,6 0,0 5,7 1,9 11,9 18.56 Etela
15 6,8 8,6 16.21 5,0 03.23 11,5 0,0 8,7 2,2 10,5 10.43 Etela
16 5,4 6,7 12.51 1,9 23.51 12,9 0,0 0,0 1,1 8,2 11.59Etela-lounas
17 4,5 5,9 18.23 2,0 04.51 13,8 0,0 0,3 1,2 9,2 15.28 Etela
18 4,2 5,9 00.26 0,2 05.57 14,1 0,0 0,6 1,4 7,8 13.26 Etela
19 3,6 6,8 13.54 1,4 17.16 14,5 0,0 1,8 0,7 7,1 00.50Etela-lounas
20 3,0 4,5 13.47 0,3 08.19 15,3 0,0 0,3 0,8 6,5 12.36 Etela
21 5,7 8,5 12.31 3,7 17.53 12,4 0,0 0,0 1,0 8,8 14.17Lounas
22 2,1 5,3 13.51 -1,0 18.54 16,2 0,0 0,0 0,8 7,5 03.52Lansi-lounas
23 -0,2 3,4 18.14 -4,4 07.07 18,5 0,0 0,0 0,4 5,8 17.24 Etela
24 0,8 5,4 14.46 -1,9 20.08 17,2 0,0 1,5 0,0 3,4 13.33 Etela
25 0,8 4,6 12.06 -3,3 20.58 17,5 0,0 0,0 0,5 6,1 06.14 Etela
26 3,2 8,0 13.52 -0,6 00.13 15,1 0,0 0,3 0,5 7,8 06.21Etela-lounas
27 1,8 4,0 23.34 0,6 04.41 16,5 0,0 1,8 1,3 6,8 07.48Ita-koillinen
28 3,1 4,0 00.34 2,4 18.24 15,2 0,0 3,6 1,3 6,5 11.36Kaakko
29 1,6 2,6 00.00 -0,2 07.53 16,7 0,0 2,4 2,0 6,5 01.37Ita-koillinen
30 1,5 2,4 11.34 -1,4 15.49 16,8 0,0 3,9 1,4 4,8 00.17Ita-koillinen
31 2,1 2,8 12.06 1,3 21.31 16,2 0,0 0,3 1,5 5,4 08.16Koillinen
----------------------------------------------------------------------------------
2,6 8,6 15 -9,1 11 487,0 0,0 73,5 1,0 13,9 8 Etela
Max >= 27,0 0
Max <= 0,0 0
Min <= 0,0 13
Min <= -18,0 0
Max Rain: 15,9 on day 12
Days of Rain: 21 (>= 0,2 mm) 10 (>= 2,0 mm) 0 (>= 20,0 mm)
Heat Base: 18,3 Cool Base: 18,3 Method: Integration