Valitse Vuoden Tai Kuukauden Raportti
Raportti 2020 Hel
Monthly Climatological Summary for helmi 2020
Name: Sää City: Perniö State:
Elevation: 0 m Lat: S 00 00 00 Lon: W 000 00 00
Temperature (°C), Rain (mm), Wind Speed (m/s)
Heat Cool Avg
Mean Deg Deg Wind Dom
Day Temp High Time Low Time Days Days Rain Speed High Time Dir
----------------------------------------------------------------------------------
01 3,2 5,8 21.01 1,9 00.18 15,1 0,0 7,5 1,5 7,8 15.09Kaakko
02 4,3 6,1 14.31 1,9 18.53 14,0 0,0 3,6 0,7 5,1 14.00Etela-lounas
03 0,2 4,3 13.43 -4,1 23.57 18,1 0,0 0,3 0,5 6,1 08.25Lounas
04 -5,2 3,2 14.03 -9,2 23.22 23,5 0,0 0,0 0,0 1,7 13.00 Etela
05 -0,7 5,5 13.40 -9,1 01.22 19,0 0,0 0,0 0,5 7,5 14.40Etela-lounas
06 -2,5 2,0 13.48 -7,5 08.47 21,0 0,0 0,9 0,5 6,1 05.17Etela-lounas
07 -4,3 0,8 19.33 -11,3 06.56 21,9 0,0 0,0 0,3 4,8 16.31 Etela
08 1,0 2,6 23.51 -2,1 00.57 17,3 0,0 2,1 0,6 7,5 16.03 Etela
09 3,9 5,1 21.29 2,6 00.00 14,5 0,0 7,5 2,3 12,9 21.46 Etela
10 5,2 6,1 14.34 3,9 02.27 13,1 0,0 28,5 3,3 13,6 01.57 Etela
11 3,4 4,9 13.15 1,7 23.06 14,9 0,0 0,9 1,2 7,8 13.48 Etela
12 2,9 7,4 12.39 0,4 06.34 15,4 0,0 2,1 0,8 7,8 14.03 Etela
13 1,3 7,4 14.58 -3,2 22.17 17,3 0,0 1,2 0,3 4,4 00.32Etela-lounas
14 -1,5 6,4 13.10 -5,6 08.07 19,4 0,0 0,0 0,0 2,4 13.29Lounas
15 1,3 4,0 12.31 -4,8 00.39 16,9 0,0 4,2 1,2 11,6 13.21 Etela
16 4,7 7,0 22.39 3,2 09.27 13,6 0,0 32,7 2,9 13,9 18.34 Etela
17 5,8 7,1 00.43 4,5 07.58 12,5 0,0 4,2 2,6 12,9 20.03Etela-lounas
18 6,2 9,1 13.56 4,9 21.34 12,1 0,0 1,2 2,2 12,9 01.35Etela-lounas
19 3,6 7,8 13.36 0,8 21.31 14,7 0,0 0,0 1,0 7,1 00.00Etela-lounas
20 1,2 6,1 15.16 -1,4 18.22 17,1 0,0 0,0 0,5 10,2 23.01Etela-kaakko
21 3,3 4,9 15.50 2,2 07.53 15,3 0,0 7,8 2,5 11,6 13.03 Etela
22 5,3 6,3 19.16 4,0 21.58 13,0 0,0 32,7 3,6 14,3 12.54 Etela
23 3,9 8,2 12.41 0,1 23.47 14,4 0,0 0,3 1,0 8,2 00.18Etela-lounas
24 1,8 6,5 13.02 -3,4 23.52 16,3 0,0 0,0 0,8 8,2 10.40Lansi-lounas
25 -1,8 4,4 13.52 -7,8 07.50 20,0 0,0 0,0 0,8 5,4 23.41Pohjoinen
26 -0,7 2,9 13.23 -2,5 00.00 19,0 0,0 0,0 3,4 10,5 15.49Pohjois-luode
27 -3,0 2,8 13.33 -6,8 23.49 21,3 0,0 0,0 2,5 9,9 11.54Pohjoinen
28 -4,4 5,2 14.12 -11,1 23.23 22,7 0,0 0,0 0,2 3,7 12.54Pohjoinen
29 -3,6 5,6 12.28 -13,2 04.58 21,8 0,0 1,2 0,1 2,7 17.01Etela-kaakko
----------------------------------------------------------------------------------
1,2 9,1 18 -13,2 29 495,2 0,0 138,9 1,3 14,3 22 Etela
Max >= 27,0 0
Max <= 0,0 0
Min <= 0,0 16
Min <= -18,0 0
Max Rain: 32,7 on day 16
Days of Rain: 18 (>= 0,2 mm) 11 (>= 2,0 mm) 3 (>= 20,0 mm)
Heat Base: 18,3 Cool Base: 18,3 Method: Integration