Valitse Vuoden Tai Kuukauden Raportti
Raportti 2020 Kesä
Monthly Climatological Summary for kesä 2020
Name: Sää City: Perniö State: Salo
Elevation: 0 ft Lat: S 00° 00' 00" Lon: W 000° 00' 00"
Temperature (°C), Rain (mm), Wind Speed (m/s)
Heat Cool Avg
Mean Deg Deg Wind Dom
Day Temp High Time Low Time Days Days Rain Speed High Time Dir
----------------------------------------------------------------------------------
1 17,3 24,3 14.56 9,1 23.56 2,3 1,3 0,0 0,7 4,8 15.56 Ita
2 13,4 21,4 14.56 3,6 04.26 5,2 0,3 0,0 1,0 6,5 13.26Ita-koillinen
3 13,9 20,4 12.27 3,1 04.27 5,0 0,4 0,0 1,4 7,5 13.27Koillinen
4 14,9 22,7 13.27 5,4 01.27 4,0 0,7 0,6 1,0 5,1 15.27Koillinen
5 17,1 22,9 14.57 11,8 02.57 2,4 1,2 1,2 0,7 5,8 15.57 Etela
6 13,6 16,8 12.27 11,0 15.28 4,9 0,0 10,8 1,9 9,5 18.58Kaakko
7 15,8 21,2 14.28 10,8 03.28 3,1 0,6 0,0 1,9 8,2 00.28Etela-kaakko
8 14,7 20,5 11.29 7,6 05.29 4,7 0,3 2,1 0,2 2,0 09.29Pohjoinen
9 17,3 24,0 17.59 11,9 04.29 2,5 1,5 0,6 0,4 3,7 15.59Pohjois-koillinen
10 19,4 27,4 17.29 6,7 04.59 2,6 3,8 0,0 0,4 3,7 17.59Ita-koillinen
11 20,2 27,4 15.29 12,4 02.29 1,6 3,4 0,0 0,7 4,1 13.59Ita-koillinen
12 19,1 26,7 17.59 8,9 03.28 2,3 3,1 0,0 1,2 8,5 13.23Koillinen
13 18,5 26,9 14.30 6,3 04.29 3,0 3,2 0,0 0,5 3,7 09.59Ita-kaakko
14 18,1 26,3 14.30 5,7 04.30 3,4 3,2 0,0 0,7 6,8 13.30Ita-koillinen
15 19,1 27,2 16.00 6,1 04.00 2,9 3,8 0,0 0,7 4,1 13.30Ita-koillinen
16 20,4 26,7 15.00 14,6 05.00 0,8 2,8 3,3 0,6 5,1 12.00Ita-kaakko
17 20,5 26,7 15.00 14,1 03.30 1,2 3,4 0,0 0,5 6,1 15.00Etela-kaakko
18 20,5 29,5 18.00 12,6 05.30 1,6 3,8 0,0 0,2 2,7 15.00Etela-lounas
19 22,0 31,2 17.01 10,7 05.01 1,4 5,2 0,0 0,3 3,4 15.31Ita-koillinen
20 21,7 26,5 16.01 16,4 23.31 0,2 3,6 0,0 1,2 6,5 13.01Ita-koillinen
21 18,4 25,5 15.31 9,6 05.01 2,1 2,2 0,0 0,7 4,4 18.01 Ita
22 18,0 27,6 17.01 6,3 05.01 3,3 3,0 0,0 0,4 3,1 09.31Ita-koillinen
23 20,2 29,7 14.31 6,5 05.01 2,9 4,8 0,0 0,4 5,1 17.31 Etela
24 22,8 32,1 15.32 10,2 04.32 1,8 6,3 0,0 0,3 3,1 16.32Etela-lounas
25 22,3 30,9 14.02 9,9 04.32 1,8 5,8 0,0 0,6 5,1 15.02Etela-kaakko
26 21,5 30,3 14.34 10,2 04.02 2,0 5,2 0,0 0,7 6,5 14.21 Etela
27 23,6 33,3 15.01 10,3 04.01 1,8 7,1 0,0 0,4 3,1 10.01Etela-kaakko
28 22,4 30,5 14.01 12,2 04.31 1,1 5,3 0,0 0,7 4,8 17.13 Ita
29 18,6 22,9 14.01 16,1 17.01 0,7 1,0 6,6 1,2 6,1 06.01Ita-koillinen
30 16,1 17,8 18.33 12,4 14.53 2,2 0,0 28,8 0,3 4,8 17.03 Etela
----------------------------------------------------------------------------------
18,7 33,3 27 3,1 3 74,8 86,3 54,0 0,8 9,5 6 Ita
Max >= 27,0: 12
Max <= 0,0: 0
Min <= 0,0: 0
Min <= -18,0: 0
Max Rain: 28,8 on day 30
Days of Rain: 8 (>= 0,2 mm) 5 (>= 2,0 mm) 1 (>= 20,0 mm)
Heat Base: 18,3 Cool Base: 18,3 Method: Integration